inder when 350 is divided by 23.
5
Calculate the remainder when 186 is divided by 69.
48
What is the remainder when 366 is divided by 92?
90
Calculate the remainder when 387 is divided by 124.
15
Calculate the remainder when 449 is divided by 30.
29
Calculate the remainder when 50 is divided by 39.
11
What is the remainder when 29 is divided by 4?
1
What is the remainder when 22 is divided by 11?
0
What is the remainder when 54 is divided by 38?
16
Calculate the remainder when 353 is divided by 339.
14
Calculate the remainder when 111 is divided by 14.
13
What is the remainder when 592 is divided by 17?
14
Calculate the remainder when 1754 is divided by 88.
82
What is the remainder when 84 is divided by 29?
26
Calculate the remainder when 10069 is divided by 325.
319
Calculate the remainder when 178 is divided by 88.
2
Calculate the remainder when 473 is divided by 153.
14
Calculate the remainder when 126 is divided by 32.
30
What is the remainder when 7718 is divided by 93?
92
Calculate the remainder when 745 is divided by 181.
21
Calculate the remainder when 144 is divided by 17.
8
What is the remainder when 895 is divided by 28?
27
What is the remainder when 183 is divided by 11?
7
What is the remainder when 874 is divided by 215?
14
What is the remainder when 1288 is divided by 15?
13
Calculate the remainder when 816 is divided by 63.
60
What is the remainder when 397 is divided by 25?
22
Calculate the remainder when 1284 is divided by 99.
96
What is the remainder when 1966 is divided by 11?
8
What is the remainder when 427 is divided by 216?
211
What is the remainder when 2391 is divided by 114?
111
What is the remainder when 368 is divided by 10?
8
What is the remainder when 695 is divided by 12?
11
What is the remainder when 104 is divided by 24?
8
Calculate the remainder when 29 is divided by 10.
9
What is the remainder when 1331 is divided by 233?
166
Calculate the remainder when 1708 is divided by 540.
88
Calculate the remainder when 141 is divided by 58.
25
Calculate the remainder when 244 is divided by 90.
64
Calculate the remainder when 245 is divided by 124.
121
Calculate the remainder when 571 is divided by 48.
43
What is the remainder when 98 is divided by 20?
18
Calculate the remainder when 1042 is divided by 119.
90
What is the remainder when 1726 is divided by 41?
4
What is the remainder when 1115 is divided by 93?
92
Calculate the remainder when 10918 is divided by 6.
4
What is the remainder when 19 is divided by 8?
3
What is the remainder when 54 is divided by 7?
5
What is the remainder when 2400 is divided by 89?
86
Calculate the remainder when 1052 is divided by 24.
20
Calculate the remainder when 15 is divided by 10.
5
What is the remainder when 923 is divided by 19?
11
Calculate the remainder when 689 is divided by 63.
59
Calculate the remainder when 2200 is divided by 71.
70
What is the remainder when 139 is divided by 26?
9
Calculate the remainder when 230 is divided by 15.
5
What is the remainder when 543 is divided by 42?
39
What is the remainder when 1185 is divided by 285?
45
What is the remainder when 287 is divided by 20?
7
What is the remainder when 363 is divided by 6?
3
Calculate the remainder when 46 is divided by 31.
15
Calculate the remainder when 84 is divided by 5.
4
What is the remainder when 906 is divided by 48?
42
What is the remainder when 2277 is divided by 163?
158
Calculate the remainder when 10 is divided by 4.
2
What is the remainder when 53 is divided by 31?
22
What is the remainder when 107 is divided by 58?
49
Calculate the remainder when 922 is divided by 12.
10
What is the remainder when 1278 is divided by 81?
63
Calculate the remainder when 40 is divided by 21.
19
Calculate the remainder when 227 is divided by 69.
20
What is the remainder when 3332 is divided by 11?
10
Calculate the remainder when 499 is divided by 50.
49
What is the remainder when 51 is divided by 50?
1
What is the remainder when 248 is divided by 47?
13
Calculate the remainder when 5157 is divided by 40.
37
Calculate the remainder when 203 is divided by 26.
21
Calculate the remainder when 20812 is divided by 23.
20
Calculate the remainder when 560 is divided by 19.
9
What is the remainder when 158 is divided by 55?
48
What is the remainder when 18 is divided by 11?
7
What is the remainder when 705 is divided by 114?
21
What is the remainder when 84 is divided by 31?
22
Calculate the remainder when 6201 is divided by 132.
129
Calculate the remainder when 268 is divided by 68.
64
What is the remainder when 1242 is divided by 104?
98
What is the remainder when 922 is divided by 77?
75
What is the remainder when 772 is divided by 9?
7
Calculate the remainder when 335 is divided by 42.
41
What is the remainder when 891 is divided by 111?
3
What is the remainder when 2615 is divided by 97?
93
What is the remainder when 1251 is divided by 247?
16
Calculate the remainder when 160 is divided by 43.
31
What is the remainder when 128 is divided by 68?
60
Calculate the remainder when 353 is divided by 167.
19
Calculate the remainder when 209 is divided by 34.
5
What is the remainder when 199 is divided by 25?
24
Calculate the remainder when 2107 is divided by 66.
61
Calculate the remainder when 3847 is divided by 55.
52
What is the remainder when 218 is divided by 37?
33
What is the remainder when 231 is divided by 18?
15
Calculate the remainder when 1250 is divided by 45.
35
What is the remainder when 2022 is divided by 668?
18
Calculate the remainder when 645 is divided by 38.
37
What is the remainder when 4391 is divided by 15?
11
Calculate the remainder when 319 is divided by 14.
11
What is the remainder when 1170 is divided by 38?
30
Calculate the remainder when 375 is divided by 101.
72
Calculate the remainder when 281 is divided by 39.
8
Calculate the remainder when 234 is divided by 47.
46
What is the remainder when 97 is divided by 28?
13
Calculate the remainder when 124 is divided by 24.
4
What is the remainder when 264 is divided by 102?
60
Calculate the remainder when 131 is divided by 34.
29
What is the remainder when 1153 is divided by 574?
5
Calculate the remainder when 183 is divided by 39.
27
Calculate the remainder when 98 is divided by 21.
14
What is the remainder when 337 is divided by 34?
31
What is the remainder when 996 is divided by 53?
42
Calculate the remainder when 140 is divided by 36.
32
Calculate the remainder when 171 is divided by 36.
27
What is the remainder when 90 is divided by 46?
44
Calculate the remainder when 461 is divided by 58.
55
What is the remainder when 44 is divided by 37?
7
Calculate the remainder when 519 is divided by 65.
64
Calculate the remainder when 562 is divided by 148.
118
What is the remainder when 93 is divided by 16?
13
Calculate the remainder when 1727 is divided by 20.
7
Calculate the remainder when 75 is divided by 42.
33
What is the remainder when 190 is divided by 49?
43
What is the remainder when 77 is divided by 8?
5
Calculate the remainder when 1544 is divided by 194.
186
What is the remainder when 2373 is divided by 4?
1
Calculate the remainder when 238 is divided by 21.
7
Calculate the remainder when 444 is divided by 89.
88
What is the remainder when 706 is divided by 71?
67
What is the remainder when 161 is divided by 33?
29
Calculate the remainder when 7152 is divided by 14.
12
Calculate the remainder when 621 is divided by 52.
49
Calculate the remainder when 393 is divided by 8.
1
What is the remainder when 1509 is divided by 56?
53
What is the remainder when 1063 is divided by 8?
7
What is the remainder when 38 is divided by 14?
10
What is the remainder when 95 is divided by 55?
40
Calculate the remainder when 915 is divided by 70.
5
Calculate the remainder when 318 is divided by 63.
3
Calculate the remainder when 2094 is divided by 7.
1
Calculate the remainder when 11 is divided by 4.
3
What is the remainder when 469 is divided by 62?
35
Calculate the remainder when 3949 is divided by 38.
35
Calculate the remainder when 426 is divided by 7.
6
What is the remainder when 49 is divided by 14?
7
Calculate the remainder when 634 is divided by 154.
18
What is the remainder when 246 is divided by 130?
116
What is the remainder when 154 is divided by 79?
75
C